factor of 515 and 15378930?
515
What is the highest common divisor of 2244 and 396418308?
2244
Calculate the highest common divisor of 1308162 and 18.
6
Calculate the highest common factor of 2 and 6483886.
2
Calculate the highest common divisor of 5328 and 547156.
148
Calculate the highest common factor of 1141 and 19025197.
163
Calculate the greatest common divisor of 223415153 and 1261.
1261
Calculate the highest common divisor of 576068 and 10.
2
What is the greatest common factor of 11264 and 185772224?
704
Calculate the greatest common divisor of 240360 and 197080.
40
What is the greatest common divisor of 378 and 338777418?
42
What is the highest common divisor of 140892 and 18276?
12
What is the highest common divisor of 2229 and 257585469?
2229
Calculate the greatest common divisor of 504764 and 200668.
884
What is the highest common factor of 8520 and 630600?
120
What is the greatest common divisor of 69 and 139610?
23
Calculate the greatest common divisor of 127 and 12628753.
127
What is the greatest common factor of 210509985 and 100875?
4035
What is the highest common divisor of 7872901 and 295?
59
Calculate the highest common factor of 8382 and 402006.
66
What is the highest common divisor of 93231814 and 119054?
6266
What is the greatest common divisor of 116369852 and 284?
284
Calculate the highest common factor of 528361 and 60845.
283
Calculate the highest common factor of 2013 and 1014959.
11
Calculate the highest common divisor of 1455246 and 819.
117
What is the highest common divisor of 2655575 and 1625?
325
What is the greatest common divisor of 8911712 and 64?
32
What is the highest common divisor of 693 and 74302935?
21
What is the greatest common divisor of 420863 and 408439?
1553
Calculate the greatest common divisor of 7891425 and 946105.
2165
Calculate the highest common divisor of 4 and 3321184.
4
Calculate the highest common divisor of 548 and 97654696.
548
Calculate the greatest common divisor of 8686 and 12934.
2
Calculate the greatest common factor of 826 and 103264.
14
Calculate the greatest common factor of 6664250 and 4636.
2318
Calculate the highest common divisor of 5035452068 and 1228.
1228
What is the highest common factor of 856 and 1248136?
8
Calculate the highest common factor of 17143 and 29309.
553
Calculate the highest common factor of 99 and 179321472.
99
What is the greatest common divisor of 21750 and 34530?
30
Calculate the greatest common factor of 8016 and 236918224.
2672
What is the highest common divisor of 1613084 and 132?
44
What is the greatest common factor of 42458472 and 5292?
756
Calculate the greatest common factor of 1908 and 1828712.
212
What is the greatest common divisor of 46100650 and 3800?
950
Calculate the greatest common divisor of 224 and 26636352.
32
Calculate the greatest common factor of 684 and 18892908.
36
What is the highest common factor of 3084 and 462897606?
1542
Calculate the greatest common factor of 34884 and 12512.
68
Calculate the greatest common divisor of 8691627 and 441.
21
Calculate the highest common divisor of 10948 and 20656139.
2737
Calculate the greatest common factor of 187541 and 2063452.
167
What is the greatest common factor of 24968 and 277509957?
3121
Calculate the greatest common divisor of 42 and 230118.
42
What is the highest common factor of 24015014 and 37314?
1382
What is the greatest common factor of 13087152 and 192?
48
Calculate the greatest common divisor of 132599 and 22213.
97
Calculate the greatest common divisor of 2204822 and 10.
2
Calculate the highest common factor of 26720 and 18320.
80
Calculate the highest common factor of 7839 and 10706332.
871
Calculate the highest common divisor of 1388 and 53954336.
1388
What is the greatest common divisor of 2204182 and 598?
46
What is the greatest common factor of 673080660 and 13328?
3332
What is the greatest common factor of 3641139 and 108?
27
What is the greatest common factor of 19950 and 844588?
38
Calculate the highest common divisor of 107442 and 3426714.
2286
Calculate the greatest common factor of 25 and 3160520075.
25
What is the highest common factor of 610543308 and 108?
12
Calculate the greatest common factor of 309781988 and 16.
4
What is the highest common divisor of 299144 and 64?
8
What is the greatest common divisor of 416475 and 324?
27
Calculate the highest common divisor of 1015 and 3155635.
1015
Calculate the greatest common factor of 7 and 23543723.
7
Calculate the highest common factor of 62673 and 9148651.
1607
What is the greatest common divisor of 8627976 and 1008?
504
What is the greatest common factor of 53424 and 1232784?
1008
What is the greatest common divisor of 7234 and 2612?
2
What is the greatest common divisor of 160 and 5330720?
160
Calculate the greatest common factor of 106091 and 62879.
277
Calculate the highest common divisor of 4145386 and 182.
14
What is the highest common divisor of 11954043 and 45?
9
Calculate the greatest common divisor of 1190 and 1671780.
170
What is the highest common factor of 23787 and 4428?
27
What is the greatest common divisor of 6117 and 216698803?
2039
What is the greatest common divisor of 632438152 and 1032?
344
Calculate the greatest common factor of 94320 and 10940.
20
Calculate the greatest common divisor of 590761 and 317293.
1753
Calculate the highest common divisor of 31 and 73986553.
31
What is the greatest common divisor of 20321886 and 219?
219
What is the highest common divisor of 96224 and 546464?
32
What is the greatest common factor of 266 and 193228518?
266
Calculate the highest common factor of 2673 and 6050781.
891
Calculate the greatest common factor of 38517769 and 47.
47
Calculate the greatest common divisor of 171547 and 106454.
17
What is the greatest common factor of 1680240 and 800?
80
What is the highest common factor of 11096 and 54277471?
1387
Calculate the highest common divisor of 45056 and 900592.
176
Calculate the greatest common factor of 1076350 and 133950.
950
Calculate the highest common divisor of 296460 and 540108.
324
Calculate the greatest common factor of 419692224 and 3864.
3864
Calculate the highest common divisor of 28701 and 35775.
27
What is the highest common factor of 1421174 and 1926?
214
Calculate the highest common factor of 359296834 and 52.
26
What is the highest common factor of 2300 and 169100?
100
Calculate the highest common divisor of 6216 and 11547256.
2072
What is the greatest common divisor of 188406 and 1269?
27
Calculate the highest common factor of 8784 and 1710928.
976
What is the highest common factor of 133362975 and 225?
75
Calculate the greatest common factor of 1705 and 296228405.
1705
What is the highest common factor of 195 and 1975285?
65
What is the highest common factor of 69824 and 424?
8
What is the highest common factor of 70805 and 2835?
35
What is the highest common divisor of 527214661 and 4327?
4327
Calculate the highest common divisor of 2804 and 1816.
4
Calculate the highest common factor of 79786 and 189.
7
Calculate the highest common factor of 29293134 and 234.
78
What is the greatest common divisor of 5 and 25122832?
1
Calculate the highest common factor of 13013 and 1439438.
1001
What is the highest common divisor of 955 and 1192595?
5
Calculate the greatest common factor of 156472151 and 253.
253
What is the greatest common divisor of 24487332 and 33087?
123
Calculate the highest common divisor of 20 and 30250970.
10
What is the greatest common divisor of 2629087 and 1216?
19
What is the highest common divisor of 30109087 and 6857?
6857
Calculate the highest common divisor of 54 and 806247.
27
What is the highest common divisor of 4388 and 18064?
4
Calculate the greatest common divisor of 114412808 and 1136.
568
Calculate the highest common factor of 1194 and 2594164.
398
What is the greatest common divisor of 38 and 8943754?
2
What is the greatest common divisor of 139225422 and 546?
42
Calculate the greatest common divisor of 12633 and 231.
3
What is the highest common factor of 839003 and 165451?
979
What is the greatest common factor of 51274845 and 18?
9
Calculate the highest common divisor of 424591796 and 188.
188
What is the highest common factor of 583596 and 667188?
1548
What is the greatest common divisor o